mon factor of f and q.
11
Suppose 55 = -11*k - 33. Let m(l) = -l**3 - 7*l**2 - 10*l - 8. Let q be m(k). What is the highest common divisor of 16 and q?
8
Suppose d = 6*d + 50. Let y be (6/(-9))/(d/525). Suppose 5*z = j + 5, -5*z = 2*j - 8*z - 4. What is the highest common factor of j and y?
5
Let o be (-162)/5*720/(-108). Let u be (-3 - -15)*3/6. Suppose -u*r + 7*r - 24 = 0. Calculate the highest common divisor of o and r.
24
Let o = 23947 - 23937. Let f = 25 - 10. What is the highest common factor of o and f?
5
Let w be (0 - 3)/(2/(-4)). Let c(a) = 18*a + 140. Let d be c(w). What is the highest common divisor of 93 and d?
31
Let p = -35 - -77. Let k be (-540)/480 + (-315)/(-24). Calculate the highest common factor of p and k.
6
Let g(o) = o**3 + 12*o**2 - 57*o - 38. Let q be g(-13). Calculate the greatest common divisor of q and 54.
6
Suppose 4*b = -1 + 17. Let w(x) = x**3 - 6*x**2 + 13*x. Let g be w(3). Let k be -2 - (48/g)/(4/(-46)). Calculate the highest common divisor of b and k.
4
Let h(r) = -9*r**3 - 116*r**2 - 1289*r - 35. Let f be h(-11). Calculate the highest common divisor of f and 316.
79
Suppose -57*d + 45*d + 84 = 0. Let g be d - (6/(-10) - 459/135). Calculate the greatest common divisor of 484 and g.
11
Let q be 2/10 + (-33)/15 + 4. Let f be (q*6)/((-12)/(-8)*1). Let a = 114 - 66. What is the highest common factor of a and f?
8
Let u be 1/(-5*(-5)/6100). Let o = u - 241. Let i = 18 - 6. What is the highest common divisor of i and o?
3
Let u be ((-22)/6)/(((-4)/(-42))/(-2)). Suppose u*r = 78*r - 105. Let n = 11 - -4. Calculate the greatest common divisor of n and r.
15
Suppose -4*z + 1229 = c, -187 = -z - c + 124. What is the greatest common factor of z and 4029?
51
Let l be (-4)/(-6) - ((-460)/30 - -4). Let h be (112/12)/(l/18). Calculate the highest common factor of 42 and h.
14
Suppose 54*f + 12*f = -f + 102242. Calculate the greatest common factor of f and 14.
14
Suppose -20103*h = -20096*h - 3108. Calculate the highest common factor of 2886 and h.
222
Let a = -6466 + 30741. Suppose -7645 - a = -38*b. Calculate the highest common factor of 20 and b.
20
Let k(p) = -p**3 + 13*p**2 + 16*p - 25. Let a be k(14). Let r(l) = 4*l + 3. Let y be r(a). Calculate the greatest common divisor of 615 and y.
15
Let y = 104 + -35. Suppose -q - 1 = 0, 2*q - 31 = -3*d + y. Suppose 576 + 5408 = 16*b. What is the greatest common divisor of d and b?
34
Suppose -2*i - 4 = 4*r, r = -3*i - 3*r. Suppose 4*q = -5*m + 20, q - i = -m - q. Let d be ((1 - 5)*8)/(m - 6). What is the greatest common divisor of d and 16?
16
Suppose 0 = -3*w - 4*a + 122, 69*w - 72*w = -a - 112. Calculate the highest common divisor of w and 98.
2
Let z be (1 - 2)*-1 - -47. Let h(k) = -359*k + 4013. Let g be h(11). Calculate the greatest common divisor of g and z.
16
Let p be (-1)/4 + (-73)/(-4). Let b(j) = 15 + 3*j + 34 - 15 - 2*j. Let a be b(-22). What is the greatest common factor of a and p?
6
Suppose k - 225 = -4*h, 304 = -127*h + 132*h - 2*k. Let c = 2 + -1. Calculate the highest common factor of h and c.
1
Let u = 573 + -824. Let o = u - -295. Calculate the greatest common factor of 264 and o.
44
Let i(k) = k - 9. Let t be i(12). Suppose r - 391 = -t*p, 5*r - 27 + 22 = 0. Calculate the greatest common divisor of 10 and p.
10
Let v(g) = 4*g - 57. Let b be v(18). Suppose 27*p - 3795 = 4*p. What is the greatest common divisor of b and p?
15
Let h be 3/(-4) - 6443/(-68). Suppose 4*p - 8 = 0, -6*i - 2*p + 40 = -4*i. Suppose 4*v - i = h. What is the highest common divisor of 252 and v?
28
Suppose -3*r + 117*q = 114*q - 339, 98 = r + 2*q. Calculate the highest common divisor of 180 and r.
36
Suppose 2*g + 3*g = 3*f + 22, -g = 2*f - 7. Suppose 17 = 4*p + f. Let w = -31384 + 31428. What is the greatest common divisor of w and p?
4
Let w = -9726 + 9739. What is the greatest common factor of w and 1573?
13
Suppose 4*c - 48 = -2*f, 2*f - 22*c + 24*c = 40. Let m be (-1)/((-1 - 1)/48). Calculate the greatest common factor of f and m.
8
Suppose -5*o = -h - 10, 20*h - 15*h - 34 = 4*o. Suppose 0 = -15*v + h*v + 75. What is the highest common divisor of 115 and v?
5
Let y = -830 - -839. Let g be (-332)/(-11) + 404/(-44) + y. Suppose -4*l - l + 400 = 0. What is the greatest common divisor of g and l?
10
Let c = 31265 + -30140. What is the greatest common divisor of 4000 and c?
125
Let u(f) = -4*f**2 + 13*f - 18. Let b be u(-9). Let n = -454 - b. What is the highest common divisor of 45 and n?
5
Let h be (-12)/3*2/(72/(-387)). Let k = h - -6. What is the highest common divisor of k and 392?
49
Let g = -2 + 4. Suppose g*f - 6*q - 34 = -3*q, 42 = 2*f - 5*q. Let t = -209 - -308. What is the highest common divisor of t and f?
11
Let p(s) = 6*s**2 + 4*s - 10. Let d be p(4). Let t = 38 - d. Let y = -58 - t. Calculate the greatest common divisor of y and 4.
2
Let v = -325 + -492. Let g = -538 - v. What is the greatest common factor of g and 31?
31
Let a = -49 + 325. Let f = 293 - a. Suppose 272 = 3*w + w. What is the greatest common divisor of f and w?
17
Suppose 0 = 7*r - 5*r - 86. Suppose -3*f = 2*c + 2 - r, -3*c - 36 = -3*f. Let q(s) = 36*s - 220. Let h be q(9). What is the highest common factor of f and h?
13
Let z(m) = -m**3 + 3*m**2 + 55*m + 2. Let r be z(-6). Let u be 6/(-7*r/238). What is the greatest common divisor of u and 17?
17
Let r = 1140 + -868. Calculate the highest common factor of 986 and r.
34
Suppose 984 = 92*m - 1500. What is the greatest common divisor of m and 1152?
9
Let t be (50/(-975) + 82/78)*(12 + 2). Let r(k) = -k + 14. Let c be r(0). Calculate the highest common divisor of t and c.
14
Let x(a) be the first derivative of 20*a**2 - 6*a - 129. Let s be x(1). Calculate the highest common factor of s and 34.
34
Let i = -23067 + 23070. Let j be (4/(-5))/(4/(-10)). Calculate the highest common divisor of i and j.
1
Let q = -888 + 1339. Calculate the highest common divisor of q and 209.
11
Suppose -n = 2*i - 0 - 2, -4*i - 4*n = -8. Let d be 93*((-8)/6 + (1 - i)). Let a = d + 152. Calculate the greatest common divisor of 11 and a.
11
Let r(u) = 9*u - 5. Let s(z) = z. Let b(h) = r(h) + 4*s(h). Let m be b(-1). Let l be ((-150)/m)/((-1)/(-3)). What is the greatest common divisor of 100 and l?
25
Let p(v) = -5*v**2 + 117*v - 621. Let l be p(15). Let i(s) = 8*s - s + 0*s - 25. Let b be i(l). What is the highest common divisor of 342 and b?
38
Suppose k - 177 = -1705. Let c be -2 - (-7)/3 - k/(-12). Let p = -37 - c. Calculate the greatest common divisor of 36 and p.
18
Let v(x) = x**2 + 42*x - 3133. Let i be v(-82). What is the greatest common factor of i and 4683?
21
Let i be (-223)/((-5 - -6)*-1). Suppose -11*t + i + 745 = 0. Let n = -58 + t. What is the greatest common divisor of 150 and n?
30
Let b = -864 + 1536. Calculate the highest common divisor of 532 and b.
28
Suppose -s + 17 - 4 = 0. Suppose m - 4*n - 34 = 0, 0*n - s = -2*m - 3*n. Let g = 12928 + -12872. What is the greatest common factor of g and m?
14
Let t be (14 + -14)/((-1)/1). Suppose f = j + 5*f - 74, t = -5*f - 25. Let h = -10 + j. Calculate the highest common factor of 12 and h.
12
Let l be 2299 + 0 + 3/1 + -11. What is the highest common factor of l and 29?
29
Let j(h) = -h**3 + 10*h**2 + 17*h - 4. Let s be j(-3). Calculate the greatest common divisor of s and 34.
2
Suppose -22880 = -17*t + 9*t. Suppose -27*y + t = -16*y. Calculate the highest common divisor of y and 20.
20
Let v = -193 + 221. Suppose -4*c + 2*r - v = -112, 5*r = 0. What is the greatest common factor of c and 6?
3
Let f(z) = 7*z**2 + 73*z - 20. Let g be f(-11). Suppose t = g*t - 9177. What is the highest common factor of t and 57?
57
Let i be (-16)/28 + 14628/21. Calculate the highest common divisor of i and 168.
24
Suppose -3*n + 31 = 5*b, 3*n = -3*b + 8*n + 5. Suppose 0 = b*o - 5*u - 1040, 2*u = 4*o + o - 1028. Calculate the greatest common divisor of 12 and o.
12
Suppose 0 = -3*z + 2 + 4, 4*z = -b + 255. Let h(m) = -m**2 + 30*m + 4593. Let r be h(-54). Calculate the greatest common factor of r and b.
19
Suppose 3*h + 47 = 44. Let g(u) = -440*u - 8. Let i be g(h). What is the highest common divisor of i and 48?
48
Let r(m) = -m**3 + 28*m**2 + 29*m + 2. Let q be r(29). Suppose -o + 34 + q = 0. Calculate the highest common divisor of o and 2